?
8
Let k(i) = -i**3 + 7*i**2 - 10*i + 8. Let r be k(6). Let v be r/(-12)*(-3)/2. Let d(u) = -2*u**3 - 3*u**2 + 2. Give d(v).
6
Let s = 8 - 3. Suppose -4 = 3*p + s. Let x(d) = d**2 + d - 4. Give x(p).
2
Suppose 5*j = 10*j + 30. Let b(h) = h**3 + 7*h**2 + 5*h - 8. Give b(j).
-2
Suppose 3*c - 4 = 4*h, -h + 10 = -2*h + 3*c. Let t(u) = 5*u**2 + u**2 - 4*u**2 + 2 - 2*u - 2*u. What is t(h)?
2
Let o(a) = a**2 - 2*a - 5. Let k be (-2)/(-8)*0 + 4. What is o(k)?
3
Let p(b) be the third derivative of -b**6/720 - 7*b**5/120 - b**4/24 + 2*b**2. Let s(h) be the second derivative of p(h). Let r = -14 + 11. Give s(r).
-4
Let o(y) = 2*y**2 - 3*y + 3. Let d be o(3). Let p(j) = -14*j**2 + 32*j**2 + 7*j + 4 - d*j**2 + j**3. Calculate p(-4).
8
Let u(l) = l**2 + 7*l + 5. Let j = 32 + -37. Calculate u(j).
-5
Suppose 0 = -5*j - u + 21, u - 6 = 2*j - 4*j. Suppose j*m - 20 = g, 3*g + 7 + 3 = 5*m. Let o(i) = 2*i - 6. Give o(g).
4
Let t(u) = -5*u**2 + 5*u - 9. Let q(g) = 4*g**2 - 5*g + 8. Let z(o) = -6*q(o) - 5*t(o). What is z(-6)?
3
Let z(d) be the second derivative of -d**6/90 + d**5/60 + d**4/24 + d**3/2 + d. Let y(a) be the second derivative of z(a). What is y(2)?
-11
Let a(q) = -3*q**2 + 0*q**2 - q + 3*q**2 - 5*q**2 + 1. Give a(1).
-5
Let r(w) = w - 5. Let f be (-1 + (-10)/(-3))*3. Let v = -7 + f. Give r(v).
-5
Suppose -4*a - 6 = -6*a. Let b(c) = 3*c**2 - 4*c**2 + 8*c**2 - 7 + 6*c + 2*c**a - c**3. Give b(-6).
-7
Let u = -12 - -7. Let f(t) = -7*t**3 - 5*t**2 - t + 7. Let m(s) = -3*s**3 - 3*s**2 + 3. Let a(l) = u*m(l) + 2*f(l). Let k be ((-5)/(-2))/((-4)/8). What is a(k)?
9
Let n be 39/(-90) - -1 - (-10)/(-25). Let z(x) be the second derivative of 1/2*x**2 + 0 + 1/3*x**3 - 2*x - n*x**4. Determine z(2).
-3
Suppose -3*c - 12 = t + 2*c, 3*c = -6. Let h(j) = -2*j**2 - 2*j - 1. Give h(t).
-5
Let a = -15 - -13. Let x(w) = w + 1. Let u be x(a). Let n(d) = 13*d. What is n(u)?
-13
Let s(a) be the second derivative of -a**4/6 + a**3/6 - 2*a. Let d(h) = 4*h + h**2 - 1 + 2*h**3 - 4*h. Let m be d(1). Give s(m).
-6
Let f(m) = -2*m + 21. Let p(x) = x - 10. Let q(i) = -2*f(i) - 5*p(i). Suppose d - 5*d = 0. Calculate q(d).
8
Let g(s) = -s**2 + 5*s + 4. Let m be g(5). Let c(z) = 6*z**3 + 8*z - 2. Let o(x) = -5*x**3 - x**2 - 7*x + 2. Let p(r) = m*c(r) + 5*o(r). Give p(-4).
-2
Let b(x) = x**3 - 7*x**2 + 9*x - 8. Suppose 7*c = 3*c + 24. What is b(c)?
10
Let d(y) = 9*y. Let v be d(-3). Let b be 2/9 - (-6)/v. Let s(u) = 7*u + 9. Let c(n) = 6*n + 8. Let g(p) = 6*c(p) - 5*s(p). Calculate g(b).
3
Let x(c) = c**2 - 4*c - 3. Let a = 100 + -96. What is x(a)?
-3
Let w(v) = 7*v + 8*v**2 - 1 - 7*v. Suppose 3*z = -1 - 2. What is w(z)?
7
Suppose 24 = -4*d + 2*z, -4*z = 6*d - d + 56. Let o = 11 + d. Let y(q) = -q**2 + q - 2. Determine y(o).
-8
Let i(l) = 14*l**3 + l**2 - l + 1. Let u be i(1). Let j be (-5)/u*(-2 - 31). Let g = j - 15. Let z(o) = -4*o - 5. What is z(g)?
11
Let t(m) = m**2 + 2*m - 3. Suppose -z - 11 - 1 = 0. Let o = -10 - z. Give t(o).
5
Let q(w) = 6*w - 2. Let s = 11 + -9. Determine q(s).
10
Let z(h) = 2*h - 9 - 18 + 33. Determine z(-4).
-2
Let t(h) be the third derivative of 1/60*h**5 + 0*h + 0 - 1/8*h**4 - 3*h**2 - 7/6*h**3. Determine t(5).
3
Let l(z) = -z**3 - 5*z**2 + z + 5. Let j be l(-5). Let d(w) = w**2 + j*w + 0*w. Suppose -5*v + 6*v = 0. Determine d(v).
0
Let o(g) be the third derivative of g**6/120 - g**5/30 - g**4/24 - 2*g**3/3 + g**2 + 11*g. Suppose 2*l + 0*l - 6 = 0. What is o(l)?
2
Let i be (9/(-3))/((-6)/26). Let f = i + -8. Let c(d) be the first derivative of -d**2/2 + 1. Calculate c(f).
-5
Suppose 5*v - 3*l = -17, 10*v - l + 9 = 5*v. Let b(g) = -g**2 + 4*g + 7. Let q be b(5). Let n(t) = 3 + t - 2*t**3 - 3*t**3 - q. Calculate n(v).
5
Let b = 22 + -20. Let v(f) = 1 - 3*f**2 + f**2 + 4*f**2 - f**3 - 3*f. Let o be v(b). Let p(x) = x**2 + 5*x - 5. Calculate p(o).
-5
Suppose -r = 2*b - 1, 2*r + 8 = 5*b + 1. Let d(o) = 11*o**2 - 5. Let k(z) = -12*z**2 + 6. Let w(y) = -6*d(y) - 5*k(y). Give w(b).
-6
Let j(h) = -h**2 - h + 1. Let o(g) = -g**2 - 10*g + 9. Let w be o(-11). Suppose -2*l - 2 = 0, 4*u - u - 1 = l. Let m be u/(3 - (w - -4)). Determine j(m).
1
Suppose 3*l = l - 10. Suppose -4*t + 4 = -2*q - 0*q, 3*q + 2 = 4*t. Let d(z) = 3 - 3 - 3 - 5*z**t - z**3 + z. Give d(l).
-8
Suppose 0*t - t + 6 = k, -4*t + 22 = 3*k. Let y(b) = b**2 - 6*b**2 + 4*b + 4*b**2 + k + b. Give y(5).
2
Let a(g) = -g**2 + g - 1. Let l(y) = 3*y**2 - 4*y + 3. Let s(k) = -4*a(k) - l(k). Give s(-1).
2
Let h be (3/4)/((-15)/(-40)). Let g(q) = -q**3 - q**2 - 4*q. Let y(u) = -u**3 + u**2 - u - 1. Let o(j) = h*y(j) - g(j). Calculate o(3).
4
Let o(t) = -4*t + 5. Let j(a) = -17*a + 15. Let g(y) = -17*y + 14. Let p(r) = 5*g(r) - 6*j(r). Let f(m) = 9*o(m) + 2*p(m). Calculate f(4).
-3
Let l(p) = -3*p**3 - 2*p**2 + p + 11. Let a(i) = 4*i**3 + 3*i**2 - 2*i - 10. Let h(b) = -2*a(b) - 3*l(b). What is h(0)?
-13
Let m = 5 - 3. Let h be -2 + m + 0 + 10. Suppose 0 = -2*u - 4*i + h + 10, 3*i + 11 = 5*u. Let l(s) = -2*s + 4. Give l(u).
-4
Let z = -12 + 17. Let j(o) = 0 + o**2 + z + 7*o - o. Calculate j(-4).
-3
Let t(b) = b**3 - 4*b**2 + b + 1. Let c(g) = -g + 1. Let k(n) = n**2 - 7*n + 8. Let l(x) = -6*c(x) + k(x). Let a be l(2). Give t(a).
5
Let c(a) = 4*a + 4*a + 3 - 2 - 5*a. Give c(6).
19
Let d(b) be the second derivative of b**4/12 + b**3 + 15*b. Give d(-6).
0
Let l(q) = q - 5. Let z be l(5). Let c(m) = 1 + m**3 - 5*m + z*m**2 + 8*m + 2*m**2 + 2*m**2. What is c(-3)?
1
Suppose 3*f - z - 8 = 4*z, 12 = -f - 2*z. Let c = 6 + -7. Let j = f - c. Let k(q) = q**2 - 2. Determine k(j).
7
Let h(x) = x**3 - 2*x**2 + 2*x - 1. Suppose -4*d - 10 = o, 1 = -o - 2*d - 3. Calculate h(o).
3
Let h(o) = -o + 8. Let b be h(6). Suppose -b - 8 = 5*x. Let r(k) = -2*k - 1. Give r(x).
3
Let f = -25 - -19. Let o(q) = q**2 + 6*q - 4. Determine o(f).
-4
Let g be -6 + 2 + -1 + 0. Let s(t) = -t**2 - 9*t - 8. Let w(q) = -q - 1. Let r(f) = -s(f) + 2*w(f). What is r(g)?
-4
Let q = 9 - 6. Let o = q - 0. Let n(c) = 1 + 2 - 2*c**2 + 3*c + c**2. Give n(o).
3
Let v(b) = 33*b + 5 + 39*b + 34*b - 1 - 107*b. Let j(o) = 2*o - 13. Let x(p) = -p + 7. Let d(i) = -4*j(i) - 7*x(i). Let z be d(6). Determine v(z).
7
Let s = -8 - -2. Let l(v) = -4*v - 9. Give l(s).
15
Let o(u) be the second derivative of -7*u**3/3 + u**2/2 + 5*u. Let j(f) = 13*f - 1. Let n(s) = 4*j(s) + 3*o(s). Determine n(-1).
-11
Let w(z) = -4*z - 6*z**2 + 1 - 7 - 3*z**3 + 2*z**3 + 3*z. Give w(-6).
0
Let y(g) = -g**2 + 4*g + 7. Let i = 12 + -10. Suppose i*u = 5*u - 18. Determine y(u).
-5
Suppose 0 = 2*d + 11 - 23. Let w(s) = s - 6. What is w(d)?
0
Let x(f) be the second derivative of -5*f**3/6 - f. Suppose 1 = 5*o - u, -8*u + 5*u + 12 = 0. Determine x(o).
-5
Let x(y) = y**2 - 5*y - 4. Let d be x(6). Let b(c) = c - 2 + d. Determine b(1).
1
Let x be (-1)/(-2)*72/9. Let r(i) be the second derivative of i + 0*i**3 - 1/20*i**5 + 1/3*i**4 + 5/2*i**2 + 0. Determine r(x).
5
Let a be (-1)/(-2) - 20/(-8). Let c(y) be the third derivative of -y**6/120 + y**5/20 + y**4/24 - y**3/6 - y**2. Determine c(a).
2
Let t(i) = -i**3 - i**2 - i. Let h(x) = -2*x**3 - 8*x**2 - 8*x - 5. Let m(n) = h(n) - t(n). Let o be -1 - (4 - (0 + -1)). Give m(o).
1
Let k(j) be the second derivative of 0*j**2 + 0 - 1/6*j**3 - 3*j. Calculate k(-4).
4
Let r(a) = 16*a + 51. Let s(n) = 3*n + 10. Let c(g) = -2*r(g) + 11*s(g). Let d be c(-5). Let v = 5 - d. Let i(b) = b**2 + 3*b - 3. What is i(v)?
7
Suppose -4*i = -i + 9. Let z = -1 + 4. Let t(n) = z + 5*n + 2*n - 4*n. Determine t(i).
-6
Let p be (-1)/2*(3 - 1). Let n = -2 - p. Let h be n/((-2)/(-4)*-1). Let d(s) = s**2 - 3*s + 1. Determine d(h).
-1
Let q(f) = -5*f + 1. Suppose 6*x - 6 = -0. Calculate q(x).
-4
Suppose s - 10 = -4*s. Suppose 0*n - 3*n + 3 = 0. Let k = s - n. Let g(w) = w. Determine g(k).
1
Suppose -3 = -2*g + g + 5*h, 5*h = -5. Let n(p) = -p**2 - p. What is n(g)?
-2
Let u(w) = w**2 - 11*w + 5. Suppose 2*f + 3 = 5*q - 48, -4*q = -2*f - 40. What is u(q)?
5
Let o(c) = c**3 - 3*c**2 + 5*c - 2. Let g(y) = -3*y + 0*y**2 - y**3 + 3 + 2*y**2 - y - y. Let d(v) = 2*g(v) + 3*o(v). What is d(4)?
4
Let m(z) be the first derivative of 9*z**2/2 + 7*z - 1. Let k(r) = 5*r + 4. Let j(i) = 5*k(i) - 3*m(i). Give j(-4).
7
Let a(k) = 14*k**2 - 5 - 6*k**2 - 7*k**2. Determine a(-4).
11
Let l(u) = -u**2 - 